prime factors of z.
2, 7, 11
Let r be 7 - 3/(-3)*-1. Let f = -9 + r. What are the prime factors of (30/9)/((-2)/f)?
5
Suppose -a - 3*y = -46, 4*y - 3*y + 278 = 5*a. List the prime factors of a.
5, 11
Let i = 44 + -19. List the prime factors of i.
5
Suppose 6*s - 35 = 691. What are the prime factors of s?
11
Let p = -57 + 91. What are the prime factors of p?
2, 17
Let l be 4/(-6) - (-11)/3. Suppose f - 2*z - 28 = -6, 5*f - l*z - 82 = 0. Let b = f - 7. List the prime factors of b.
7
Let i(q) = 32*q**2 + 2*q + 3. What are the prime factors of i(-2)?
127
Let d be (-3)/15 + (-42)/(-10). Suppose -d*f + 62 = 2*n, -2*n + 5*f = 2*f - 76. What are the prime factors of n?
5, 7
Suppose x = -5*w + 21, -4*w + 3*x = -2*x - 40. Suppose 0*r + 6 = 3*r, w*d + 4*r = 28. Suppose 2*s - d = 18. What are the prime factors of s?
11
List the prime factors of (5 - 0)*34*(4 - 3).
2, 5, 17
Let f be (-1)/5*4*-5. What are the prime factors of f + (-4 - -2)/(-1)?
2, 3
Suppose 5*r - 17 = 4*h, h - r = -4*h - 37. Suppose 0*z - 2*t - 8 = z, 10 = -5*t. Let c = z - h. What are the prime factors of c?
2
Let z(n) = n - 1. Let l be z(2). What are the prime factors of 31 - 2/l - -1?
2, 3, 5
Let v(f) = -1. Let b(k) be the third derivative of k**4/6 - k**3 - 2*k**2. Let s(u) = -b(u) + 4*v(u). List the prime factors of s(-5).
2, 11
Let c = 15 + -15. What are the prime factors of (-1 + c)*-21 + 3?
2, 3
Let w(j) = 4*j - 2. Let i be w(4). Let q(o) = o**2 + 5. Let t be q(0). Suppose t*h - i = 3*h. What are the prime factors of h?
7
Suppose -5*k = -3*d + 8 + 58, 0 = 4*d + 5*k - 88. Let g = d + -8. List the prime factors of g.
2, 7
Let u(r) = -39*r - 3. List the prime factors of u(-1).
2, 3
Suppose 5*x - 4*s - 1129 = -6*s, -3*x + 669 = -3*s. What are the prime factors of x?
3, 5
Suppose 3*c - 21 = 4*u, -u + 2*c + 9 = -6*u. What are the prime factors of -2 - 3/u - -3?
2
Let j = -2 - -1. Let d(t) = 0 - t - 7*t**3 + 0 - 3 + 2. What are the prime factors of d(j)?
7
Let a be -3 - (-1 + 2 + -6). Suppose 2*q - 3*g + 51 = -6*g, -56 = a*q + 4*g. What are the prime factors of (-266)/q + 2/9?
3, 5
Suppose 3*c + 4*o + 87 = 367, 5*c + 2*o = 448. What are the prime factors of c?
2, 11
Let q(y) = 2*y + 6. What are the prime factors of q(6)?
2, 3
Let j = 26 - 45. Let t = 71 + j. List the prime factors of t.
2, 13
Suppose 2*u + 5 + 1 = -4*b, -2*b = 5*u + 15. Let v be (u - -4) + 1*19. Suppose 0*k = 2*k - v. What are the prime factors of k?
2, 5
Let m(p) = -p**2 - 19*p + 37. What are the prime factors of m(-20)?
17
Let p = 102 + -53. What are the prime factors of p?
7
Let i = 3 - 2. Let q(k) = -k**3 - 5*k**2 + k + 9. Let p be q(-5). Suppose 3*l - 2*c - 37 = -i, 5*c - 25 = -p*l. What are the prime factors of l?
2, 5
Suppose 0 = 5*j - 30. What are the prime factors of j?
2, 3
Let k be 1/((10/6)/5). Suppose 2 = m - 4*s + 1, -3*m + k*s + 12 = 0. Suppose -24 = 3*z - m*z. What are the prime factors of z?
2, 3
Let r be (-93)/(-5) + 14/35. Suppose 5*a + 4*c - 17 = 5, 2*a + 5*c = r. Suppose -g + a*g = 5. What are the prime factors of g?
5
Let f(j) = 2*j + 3. Suppose 0 = -2*n + n + 5. What are the prime factors of f(n)?
13
Let n = -6 - -6. Suppose n = -0*l - 2*l + 6. Suppose l*x + 2*x = 50. What are the prime factors of x?
2, 5
Suppose -4*g + 7*g - 72 = 0. List the prime factors of g.
2, 3
Let s be (1 + -2)/((-3)/6). Suppose 8 = 2*p + s. Suppose p*z + h = 42, -2*h + 7*h - 60 = -5*z. List the prime factors of z.
3, 5
Let w be (2 - -1)*(-4)/3. Let o(r) = -r**2 - 6*r + 4. What are the prime factors of o(w)?
2, 3
Suppose 5*x + 22 = 7*x. Suppose 4*t - x = -s + 18, 3*t = -s + 25. List the prime factors of s.
13
Suppose -z + 3 = 2*z. Let a be -1 + 3*z/3. Let g = 6 - a. List the prime factors of g.
2, 3
Suppose -2*y - 68 = -3*y. List the prime factors of y.
2, 17
Let i(o) = 3*o**2 + 5*o + 1. What are the prime factors of i(-6)?
79
Let z be (-1 + (-6)/(-9))*-12. Suppose 0 = 6*u - z*u - 8. What are the prime factors of u?
2
Let o(h) = 2*h**2 + 48*h - 40. List the prime factors of o(-31).
2, 197
Let s(m) be the third derivative of m**7/420 - m**5/60 - m**3/2 - 2*m**2. Let t(x) be the first derivative of s(x). List the prime factors of t(2).
2, 3
Let u(l) = -l**3 - l**2 + 2*l + 3. Let q be u(-2). Let f(n) = 4*n**2 - q*n + 4*n + 8*n - 8 - 5*n**2. What are the prime factors of f(6)?
2, 5
Suppose 14*v = 131 + 2599. What are the prime factors of v?
3, 5, 13
Let g be 63/(-6)*2/(-3). Suppose 3*o + 1 = g. Suppose -o*a + 13 = -a. What are the prime factors of a?
13
Suppose 35 = a + 14. List the prime factors of a.
3, 7
Suppose -2*w = 3*w - 15. List the prime factors of 6 + 0 + 0/w.
2, 3
Let q be 0 + 2*(4 - 3). Suppose 0 = -q*p - 3*z + 25, 0 = 3*p - 6*p + 3*z + 30. List the prime factors of p.
11
Let i be (0 - 8/12)*-3. Suppose 10 = i*k - 0*k. What are the prime factors of k?
5
Let q(x) = -4*x**3 - 3*x**2 + 6*x + 8. What are the prime factors of q(-4)?
2, 3
Let o be ((-14)/(-4))/(3/42). Suppose -d = 2*q - 4, 4*d - o = -0*d + 3*q. What are the prime factors of d?
2, 5
Suppose -25*o = -35*o + 3600. What are the prime factors of o?
2, 3, 5
Let g = 6 - 12. Let w(c) be the first derivative of c**4/4 + 5*c**3/3 - 4*c**2 - 7*c + 1. What are the prime factors of w(g)?
5
Suppose 2*b - 10 + 2 = 0. Suppose b*r = 4 - 8. Let l = r - -3. List the prime factors of l.
2
Let q(h) = -h**3 + 8*h**2 - h + 5. Let f be q(8). Let p be (-75)/(-3) + 0 + f. Let z = 42 - p. List the prime factors of z.
2, 5
Suppose -4*f + 2*f + 42 = 0. Suppose 0 = 13*t - 16*t - 30. Let r = f + t. What are the prime factors of r?
11
Let h(l) = 22*l. What are the prime factors of h(3)?
2, 3, 11
Let q be ((-6)/9)/(2/9). What are the prime factors of -2 - (27 - 0)/q?
7
Let a be (225/3 - 3) + 3. Suppose a = -2*m + 7*m. List the prime factors of m.
3, 5
Suppose 8 = -5*k - 2. Let p(v) = -v**2 - v. Let t be p(k). List the prime factors of -1*(-12 - 2/t).
11
Suppose -2*g + 3*m + 83 = -g, 0 = 4*m - 20. Let x = 137 - g. Let r = 57 - x. What are the prime factors of r?
2, 3
Let b = 48 - 28. List the prime factors of b.
2, 5
Suppose -15 - 1 = -o. List the prime factors of o.
2
Suppose 4*t + 4*h = 164, 3*h + 189 = 5*t - 0*t. What are the prime factors of t?
3, 13
Suppose -4*z + z = -9. Suppose d - 1 - z = 0. List the prime factors of d.
2
Let z(r) = -4*r - 21. List the prime factors of z(-11).
23
Let l(w) = w**3 + w**2 + 7. List the prime factors of l(0).
7
Let u(o) = -2*o**2 - 6*o + 6. Let s be u(-5). List the prime factors of (-1)/(-7) - 166/s.
2, 3
Let v = -13 - -15. List the prime factors of v.
2
Let h(q) = -q**2 + 4*q + 1. Let w be h(4). What are the prime factors of w - 2 - (-6 + 0)?
5
Let r = 79 + 46. Suppose -2*b = -0*b + 10, -2*d + 3*b = -r. What are the prime factors of d?
5, 11
Let u(t) = 5*t + 1. Let q(a) = -a + 1. Let f(j) = 4*q(j) + u(j). What are the prime factors of f(4)?
3
Suppose -5*l + 4*m = -261, 3*l + 0*l = 3*m + 159. What are the prime factors of l?
7
Let y be -4*(1 + 9/(-3)). Suppose -y = c + 4. Let t = c + 26. What are the prime factors of t?
2, 7
Suppose k + 20 = 3*k. Suppose 0 = o - c + k, -4*o + 2*c + 16 = 46. Let s(p) = p**3 + 5*p**2 + 5. List the prime factors of s(o).
5
Suppose -128 = 2*j - 6*j - 2*t, 3*j = 3*t + 105. What are the prime factors of j?
3, 11
Suppose -2*o = -10, 5*o - 705 = -4*r - 0*r. What are the prime factors of r?
2, 5, 17
Let j(q) = -q**2 + 5*q + 8*q - 4*q + 4 - q. What are the prime factors of j(8)?
2
Let a(g) = 0*g**3 + 2*g - g**2 + 5*g**3 + 4 - 4*g**3. List the prime factors of a(3).
2, 7
Let n = -9 + -16. Let i = 44 + n. List the prime factors of i.
19
Suppose -3 + 18 = 5*m. Suppose 3*f + n - 85 = 0, 0 = m*f - 8*f - 3*n + 147. What are the prime factors of f?
3
Suppose 2*a - 16 = -2*a. Let f be 146/a + (-5)/(-10). Suppose f = 4*u - 5*m + 6, m = 3*u - 15. List the prime factors of u.
2
Suppose 5*c - 2*d + 7 = 27, 0 = -3*c + 4*d + 12. Suppose 6*s = c*s. Suppose s = 5*o - 10 - 20. What are the prime factors of o?
2, 3
Let v(r) = 3*r - 4. What are the prime factors of v(10)?
2, 13
Let f(b) = -b**2 - 8*b + 2. Let x be f(-7). Suppose 0 = -2*v + 7 + x. What are the prime factors of v?
2
Let b(y) be the first derivative of -y**4/4 - 5*y**3/3 + y**2/2 - 6*y + 6. List the prime factors of b(-6).
2, 3
Let k be 1/1 + -3 + 31. Suppose -2*m + 36 = -0*m. Le